at are the prime factors of f?
7213
Let v be 70/(-4)*(155/25 + -7). Let a(q) = -q**3 + 20*q**2 - 18*q + 15. What are the prime factors of a(v)?
3, 313
Let q(t) = 4*t**3 + 16*t**2 + 4*t - 40. Let l be q(-9). What are the prime factors of (-13127)/(-21) - (-10 - l/168)?
5
Let b = -82334 - -119155. List the prime factors of b.
36821
Let i = 23617 - 22654. List the prime factors of i.
3, 107
Suppose 0 = -5*z + 3*o - 332, -5*z - 3*o - 2*o - 300 = 0. What are the prime factors of (2/4 - 4)*z?
2, 7
Suppose 204*r = 200*r + 700. Suppose 8*a = a + r. What are the prime factors of a?
5
Suppose -4*r + 3*y + 11169 = 0, 6671 = 2*r + 4*y + 1103. Suppose -50*a + 41*a = -r. What are the prime factors of a?
2, 5, 31
Let i(w) = 1001*w**2 + 21*w - 20. Let u(c) = c**3 - 4*c**2 + 2*c + 5. Let b be u(2). List the prime factors of i(b).
2, 3, 167
Suppose -864 = -4*v - 4*r, -2*v + 103 + 319 = -3*r. Suppose 0 = -227*h + v*h + 17394. List the prime factors of h.
2, 3, 223
Let d = -34 - 791. Let b = -494 - d. List the prime factors of b.
331
Let k(u) be the second derivative of -u**5/20 - 11*u**4/12 - u**3/2 + 5*u**2/2 - 66*u + 2. Suppose 3*a + 44 = -a. What are the prime factors of k(a)?
2, 19
Suppose 3*a - b + 0*b = 170, 0 = 5*a - 3*b - 282. Let v = a - 63. List the prime factors of (-4)/(((-4)/82)/(v + 8)).
2, 41
Suppose 12*q = 7*q + 30, 13*d + 3*q - 92188 = 0. List the prime factors of d.
2, 5, 709
Suppose 15*a - 11*a - 155512 = 4*h, 0 = 3*h + 3. What are the prime factors of a?
3, 12959
Suppose -28*d + 9*d + 1416663 = 52*d. What are the prime factors of d?
3, 739
Let d(t) = 2*t**2 + 4*t - 1. Let y be d(-3). Let i(h) = -h**2 - 3*h + 4. Let a be i(-4). Suppose -375 = -a*w - y*w. What are the prime factors of w?
3, 5
Let k be (24/(-21))/2 + 5258/14. Let t = 135 + k. What are the prime factors of t?
2, 3, 5, 17
Suppose q - 2*q = 0. Let x = -1250 + 1306. What are the prime factors of (4 - x)*(q + -1)*1?
2, 13
Suppose -5*d + 4*f + 13249 + 15898 = 0, 11664 = 2*d + f. List the prime factors of d.
7, 17
Suppose -7*r + 419 + 190 = 0. Let v = -57 - 14. Let s = r + v. What are the prime factors of s?
2
Let h be 21*(2/(-3))/(26/(-39)). What are the prime factors of (-8)/6 - (-3304)/h?
2, 3, 13
Let l(p) = 4*p - 8. Let x(v) = v**2 + v - 3. Let z be x(2). Let w be l(z). Suppose -3*f - 2*f = 4*q - 15, 0 = -w*q + f + 21. What are the prime factors of q?
5
Suppose 63*q - 67*q = -1440. List the prime factors of 10*9/q - 2390/(-8).
13, 23
Let y(j) = 56*j + 583. What are the prime factors of y(62)?
5, 811
What are the prime factors of 2/(14/21) - (-26158 + -10)?
26171
Let n(t) = -t**3 + 7*t**2 + 9*t - 10. Let w be n(8). List the prime factors of (-650)/w - (35 - 33).
17, 19
Suppose 4*h = 2 + 10. Suppose 3*t - u = 50, h*t = -u + 5*u + 47. Suppose -t*v + 7*v = -960. What are the prime factors of v?
2, 3
Let a(z) = 4*z**2 + 2*z - 3. Let v be a(0). Let k = 911 - 1956. What are the prime factors of -2 + v/(15/k)?
3, 23
Let d be (-7)/((-98)/(-6)) - (-4)/(-7). Let t be ((6 - 0) + -4)*d/(-2). What are the prime factors of 0/(-1) + 8 + 57 - t?
2
List the prime factors of (3/(-5) - 483/345)*-2033.
2, 19, 107
Let s(l) = l + 17*l**2 + 3*l - 5*l**2. Suppose 6*g - 341 = -359. List the prime factors of s(g).
2, 3
Suppose -16*j + 20*j = 1704. Let p = 1101 - j. What are the prime factors of p?
3, 5
Let k(n) be the second derivative of 47*n**5/2 - n**4/6 + n**3/2 - n**2/2 + 16*n - 1. List the prime factors of k(1).
2, 5, 47
Suppose -y - 16 = -4*d + y, -3*d = 4*y - 12. Suppose d*z = -20, 4*z - 3621 = -3*b + z. What are the prime factors of b?
2, 3, 101
Let a(v) = 4*v - 104. Let u be a(27). What are the prime factors of ((-35)/u + 2)/(30/(-1200))?
2, 3, 5
Suppose -4*j + 5*u = 15, 3 = 2*j - u + 2*u. Suppose j*k + 3*n = 3*k - 2127, -k + 2*n = -710. What are the prime factors of k?
2, 3, 59
Suppose -11*k = -0*k - 11. Suppose 0 = g + 11 - k. What are the prime factors of 11/(-2)*460/g?
11, 23
Let q = -3010 - -6858. List the prime factors of q.
2, 13, 37
Let v = -3556 - -4799. List the prime factors of v.
11, 113
Suppose 51*j = 110*j - 55*j - 79432. What are the prime factors of j?
2, 9929
Let y = -56 + -12. Let g = 76 + y. Suppose 1024 + 8 = g*o. What are the prime factors of o?
3, 43
Let x = -1849 - -12950. What are the prime factors of x?
17, 653
Let q(d) = 20 - d**2 - 30 + 17 - 3*d. Let w be q(-4). Suppose m = 4*m + 3*l - 18, 0 = w*m + 5*l - 20. What are the prime factors of m?
5
Suppose -147*y = -142*y - j - 18889, 11343 = 3*y - 3*j. What are the prime factors of y?
3, 1259
Suppose 0 = -4*g - 2*w + 2818, -13*g + 8*g + 2*w + 3500 = 0. Suppose -3*y + 3*b = -708, -3*y = -5*b - 0*b - g. What are the prime factors of y?
239
Suppose 0 = q - l - 3 + 8, 0 = -3*l + 12. Let u be q + 2 + 2 - (2 + -4). List the prime factors of (u + 273)*(-1)/(-2).
139
Suppose 0 = 3*f - 4*i - 45563 - 15978, f - 20482 = -5*i. What are the prime factors of f?
20507
Let w = 433 + -311. Suppose -z + 372 = -2*u, 4*u - 1024 - w = -3*z. List the prime factors of z.
2, 3, 7
Let f = -416 - -222. Let l(a) = 39*a + 17. Let r be l(-8). Let b = f - r. What are the prime factors of b?
101
Suppose -57110 + 36590 = -4*z. What are the prime factors of z?
2, 3, 5, 19
Let b = 1375 - 93. Let q = b - 866. What are the prime factors of q?
2, 13
Let g = 16834 + -10534. What are the prime factors of g?
2, 3, 5, 7
Suppose -n + 23772 = 20*n. Let z = n - 478. List the prime factors of z.
2, 3, 109
Let j(p) = p**3 + 7*p**2 + 37*p + 31. List the prime factors of j(21).
2, 11, 13, 23
List the prime factors of 16653098/561 + 1/3.
3, 5, 1979
Let b(i) = -i**3 + 34*i**2 - 44*i + 55. Let l be b(32). Let n = l + -525. List the prime factors of n.
2, 5, 17
Let w be (-2 - -24) + (-2)/(-1 + -1). Suppose 0 = -4*b + w - 3. Suppose 0 = 3*q + o - 203, 2*q - b*o = 191 - 67. List the prime factors of q.
67
Suppose 13*a - 26668 = -100*a. Suppose -2*t - 111 = -17. Let p = a + t. What are the prime factors of p?
3, 7
Suppose -102*m + 270*m = -327*m + 8489745. List the prime factors of m.
3, 5717
Let c(d) = -24*d**3 - 7*d**2 - 93*d - 9. List the prime factors of c(-8).
5, 503
Suppose o = -4*k - 12846, -5 + 1 = -2*o. What are the prime factors of 4/(-30) + k/120*-8?
2, 107
Let v(n) = -3*n + 6. Let o be v(-5). Suppose 3*y + o = 10*y. Suppose -138 = -5*x + y*t, 0 = -4*x - 2*t - 23 + 151. What are the prime factors of x?
2, 3, 5
Let k(x) = -x**3 - 6*x**2 - 10*x - 30. Let q be k(-5). List the prime factors of (-609 + q)*4/(-8).
307
Suppose -5*t + 131 + 539 = 0. Let r = 3 - -4. Suppose -r*s - t = -9*s. What are the prime factors of s?
67
Let r(l) = 38 + 4*l + 10 - l. Let m(a) = -11*a + 187. Let p be m(18). What are the prime factors of r(p)?
3, 5
Let f(u) = -1108*u - 442. What are the prime factors of f(-3)?
2, 11, 131
Suppose -168908 = -2*h - 12*u, 10*u - 13*u - 168923 = -2*h. List the prime factors of h.
2, 5, 41, 103
List the prime factors of (336/(-35) - -8)/(6/(-10305)).
2, 3, 229
Let m(l) = 42*l + 1623. List the prime factors of m(62).
3, 1409
Let a(q) = -4*q**3 + q**2 - 11*q - 8. Let g be a(-3). Let o(f) = -15*f - 7. Let n be o(6). Let h = g + n. What are the prime factors of h?
3, 5
Let v(j) = -8*j - 28. Let n(g) be the first derivative of g**4/4 - 7*g**3/3 + 5*g**2/2 + 2*g + 25. Let q be n(6). List the prime factors of v(q).
2
Let k(n) be the first derivative of 2*n**3/3 + 5*n**2/2 + 4*n - 7. Let l be k(-4). Suppose 67 = l*g - 15*g. What are the prime factors of g?
67
Suppose 2*s + 2*j - 16762 = 0, 15*s = 20*s - 4*j - 41950. What are the prime factors of s?
2, 7, 599
Let w(q) = -9*q - 19. Let k be w(-4). Suppose -k*b + 10*b + 3409 = 0. What are the prime factors of b?
487
What are the prime factors of 2122686/(-18)*32/(-72)?
2, 13103
Let x(g) = -8*g + 4. Let w = -40 + 44. Suppose -2*h - w = 2*q, -3*h + 3*q = -2*q + 22. What are the prime factors of x(h)?
2, 3
List the prime factors of 9*20/(-180)*-42134.
2, 21067
Suppose -14 - 54 = -4*b. Let n = -33 + b. Let z(k) = -k**2 - 22*k + 21. List the prime factors of z(n).
3, 13
Let k be (-16)/(-88) + (-5080)/(-11). Let m = k + -124. List the prime factors of m.
2, 13
Let z = -6 - -12. Let j(b) = 10 - 7*b**2 - 9*b - 3*b**2 - z*b**2 + b**3. List the prime factors of j(17).
2, 73
Let y(x) = 52*x**3 + 19*x**2 + 47*x - 403. List the prim